38?
31
Suppose -8 + 0 = -4*l. What is the remainder when 31 - (3 - l)*-1 is divided by 1*11 + (2 - 2)?
10
Let a(y) = 3*y**2 - 4*y - 5. Calculate the remainder when 105 is divided by a(4).
24
Let b(i) = i**2 - 11*i + 9. Let f be b(10). Let u = f + 1. Suppose -4*h - h + 175 = u. What is the remainder when h is divided by 12?
11
Suppose 4*y - c = 6, 0 = -5*y - 2*c + 5 - 4. Let k = 0 + y. Suppose k + 39 = 3*t - 5*x, 4*t - 88 = -2*x. What is the remainder when t is divided by 7?
6
Suppose 4 = u - w, 1 + 2 = 2*u - w. Let a be (1 + 0 - u)/2. What is the remainder when 26 is divided by 43/3 - a/3?
12
Suppose 4*m = 2*c + 3*c - 39, -2*m - 14 = -2*c. Let j be -3 + 16*(-1)/(-2). Let i = -1 + j. What is the remainder when c is divided by i?
3
Let z(o) = -6*o - 6. Let q be z(-4). Calculate the remainder when (-1)/2 - (-153)/q is divided by 3.
2
Suppose 2*z = 23 + 15. What is the remainder when 51 is divided by z?
13
Suppose 5*m - 271 = -2*i, -i + 3*m + 2 = -150. Calculate the remainder when i is divided by 16.
15
Suppose -z - 7 = -22. Suppose t - z = -0. What is the remainder when t is divided by 3?
0
Let u = -11 - -17. What is the remainder when (-15)/(-6)*(-88)/(-10) is divided by u?
4
Let m(p) = 2*p + 19. Calculate the remainder when 16 is divided by m(-5).
7
Let o = 13 + -9. What is the remainder when ((-13)/(-3))/((-1)/(-3)) is divided by o?
1
Let c = 19 - 12. Calculate the remainder when 12 is divided by c.
5
Suppose 2*m - 52 = 156. Suppose -2*n + m = -0*n. Calculate the remainder when n is divided by 18.
16
Let j be -1 + 3/(2 - 1). Suppose 7 = 5*a + j*s - 8, -2*a - 4*s + 22 = 0. Calculate the remainder when 21/6*8/a is divided by 10.
8
Suppose -4*h + 26 = 10. Suppose 3*t + q - 33 = 0, h*t - 42 = -q - q. Calculate the remainder when 21 is divided by t.
9
Let d = -2 - -9. Let u be (1/(-2))/(1/(-12)). Suppose -2*r - 76 = -u*r. What is the remainder when r is divided by d?
5
Calculate the remainder when 2*(36/(-8))/(-1) is divided by 3.
0
Let a(f) = -f**2 - 19*f - 10. Let g be a(-16). Suppose 0 = -5*w - 3*u - 121, u + 48 = -2*w - 0*u. Let s = w + g. What is the remainder when 43 is divided by s?
13
Let v(b) = -b - 12. Let s be v(-9). Let a = 5 + s. Calculate the remainder when a is divided by 1.
0
Suppose 4 = 5*p - 36. Calculate the remainder when 18 is divided by p.
2
Let d = 19 - 4. What is the remainder when 40*-3*(-4)/d is divided by 11?
10
Let w = 15 - 12. Let r(s) = -7*s**2 + 2*s - 2. Let l(z) = -7*z**2 + 2*z - 2. Let x(c) = -3*l(c) + 2*r(c). What is the remainder when x(w) is divided by 20?
19
Suppose -5*g - 6 = -h - 0*g, 0 = g - 5. What is the remainder when 122 is divided by h?
29
Let u(w) = w**3 - 5*w**2 + 3*w - 6. Calculate the remainder when (-2)/((-2)/((-26)/(-1))) is divided by u(5).
8
Let s(a) = -a**3 + 5*a**2 - 2*a + 1. Let u(p) = 7*p + 69. What is the remainder when u(-5) is divided by s(2)?
7
Suppose -125 + 708 = 11*u. What is the remainder when u is divided by 19?
15
Let j(l) = 7*l**2 - 3*l**2 + 5*l + 5 - 6*l**3 - 6*l**3 + 13*l**3. What is the remainder when 6 is divided by j(-2)?
0
Suppose 5*f - 4*p - 87 = 0, f = 2*p + 23 - 8. What is the remainder when 54 is divided by f?
16
Suppose 0*y = 3*y - 15. Calculate the remainder when y is divided by 3.
2
Let w = 0 + 5. Suppose 3*v + w*g + 132 = 0, 2*g = 2*v + 5*g + 87. Let m = 69 + v. What is the remainder when m is divided by 11?
8
Let s = 38 - 17. Suppose -3*b + y + y = -46, b - 22 = 2*y. What is the remainder when s is divided by b?
9
Suppose -l + w = l - 119, -2*l - w + 125 = 0. What is the remainder when l is divided by 21?
19
Suppose 0 = 2*u + d - 15, -d - 3 - 24 = -4*u. What is the remainder when 12 is divided by u?
5
Let q(m) = -3*m**3 - 5*m + 6*m - 2*m**2 + 4*m**2. Calculate the remainder when (10/(-3))/(1/(-3)) is divided by q(-1).
2
Suppose 0*t - 20 = -5*t + y, t - 2*y = -5. Suppose -t*p = 3*x - 506, p - x = -p + 198. Let w = -69 + p. What is the remainder when w is divided by 11?
9
Suppose -2*i = 13 - 43. Let k = i + -13. What is the remainder when -1 + 2 - (0 - 2) is divided by k?
1
Let x be 29/4 + (-3)/12. Suppose 0 = 2*j - 1 + 7. Let a = x - j. Calculate the remainder when 19 is divided by a.
9
Let q(h) = h**3 - 7*h**2 + 6*h + 6. Let p(v) = -2*v - 12. Let g(m) = -3*m + 4. Let w be g(4). What is the remainder when q(6) is divided by p(w)?
2
Let h(s) = -34*s - 19. What is the remainder when h(-3) is divided by 31?
21
Let w = 2 + -2. Suppose -4*r + 16 = w, 2*r = -4*t - 2*r + 20. Suppose k = -3*k + 4. What is the remainder when t is divided by k?
0
Let l(o) = o + 1. Let h be l(-2). What is the remainder when (-3 - 1 - h) + 28 is divided by 13?
12
Suppose -p + 6*p - 245 = 0. What is the remainder when p is divided by 26?
23
Let x = -4 - -3. Let t = 26 + -15. What is the remainder when -1 + x + (-46)/(-2) is divided by t?
10
Let s(m) = 5*m. Let a = -10 + 82. Calculate the remainder when a is divided by s(5).
22
Suppose 2*d = -t - 1 + 24, t + d - 20 = 0. Let r = -10 + t. What is the remainder when r is divided by 26/91 + (-12)/(-7)?
1
Suppose -2*t - 4*v + 20 = -t, -4*t + 5*v + 59 = 0. Let g = t - -9. Suppose -5*w = -66 + 1. What is the remainder when g is divided by w?
12
Suppose -4*u = -7*u + 18. Calculate the remainder when 17 is divided by u.
5
Suppose 0 = -6*v + 158 + 40. Suppose 2 + 25 = 3*x. What is the remainder when v is divided by x?
6
Suppose 12 + 4 = 4*o. Suppose 5*p = 2*p. Suppose -o = -h - p*h. What is the remainder when 10 is divided by h?
2
Let l(c) = -29*c - 21. What is the remainder when l(-4) is divided by 14?
11
Suppose 5*w = 3*s + 75, 3*s = -3*w - 0*s + 45. What is the remainder when w is divided by 4?
3
Let k(u) = -u**3 + 18*u**2 - 53*u - 11. Suppose -11 = -0*y - y. Calculate the remainder when k(14) is divided by y.
9
Let r be 1/(0 - -1) - -33. Suppose 0 = 3*i - i + 4*k - r, k + 41 = 4*i. What is the remainder when i is divided by 4?
3
Let x(c) = 2*c - 8. What is the remainder when x(9) is divided by 6?
4
Suppose -2*q - 2 = 2. Let h = 16 + q. Suppose -200 = -2*a - 3*a. What is the remainder when a is divided by h?
12
Let x(u) = 37 - u - 37. Let d be x(-3). Suppose -5*w = d*p - 7, -2*w = -5*p - w + 21. What is the remainder when 7 is divided by p?
3
Suppose 2*w - 2 = -2*w - 3*i, -2*w = -4*i - 12. Suppose w*g = 3*g - 50. What is the remainder when g is divided by 13?
11
What is the remainder when 12 is divided by ((-4)/(-4) - -4)*1?
2
What is the remainder when 128 is divided by (-22)/(-3)*(4 - -2)?
40
Let k(o) = -o**3 - 5*o**2 - 5*o. Let i be k(-4). What is the remainder when 33 is divided by -3 + (5*i - -1)?
15
Suppose 6*j - 600 = -6*j. What is the remainder when j is divided by 27?
23
Suppose -4*j = j - 10, -v + 8 = 3*j. Suppose 4*z = 2*z - 4*u + 8, 0 = v*u + 6. Calculate the remainder when 28 is divided by z.
8
Let m(x) = -x**2 + 12*x + 4. Let y(q) = q**2 - 13*q - 5. Let n(k) = 4*m(k) + 3*y(k). What is the remainder when 15 is divided by n(8)?
6
Suppose 4*d = 43 + 25. Suppose 4*x - 2*b = 32, -2*b - 6 = x - 6*b. Calculate the remainder when d is divided by x.
7
Let y = 27 - 14. Suppose 5*l + 0*l - 40 = 0. Calculate the remainder when y is divided by l.
5
Let o = 43 + -21. Calculate the remainder when 65 is divided by o.
21
Suppose -40 = -2*y - 2*y. Suppose -x - 2 = -y. What is the remainder when x is divided by 3?
2
Suppose 5*s - 5 = 3*s + 5*n, -s = 2*n - 16. Calculate the remainder when 99 is divided by s.
9
Suppose -2*n + 117 + 33 = 0. What is the remainder when n is divided by 13?
10
Suppose 2*d + 2*d - 16 = 0. Calculate the remainder when 19 is divided by d.
3
Let k(h) = h**2 - 8*h + 10. What is the remainder when 29 is divided by k(8)?
9
Let j(s) = -14*s + 1. Let i be -8*((-15)/(-6))/5. What is the remainder when j(-1) is divided by 30/4 + (-2)/i?
7
Calculate the remainder when 14/(-21)*-3*2 is divided by 3.
1
Suppose -7*b + 5*b = -100. Calculate the remainder when b is divided by 17.
16
Let k(n) = 7*n + 1. Let y = 20 - 13. What is the remainder when k(y) is divided by (-17)/((-3 + 1)/2)?
16
Let l = -43 - -49. What is the remainder when 33 is divided by l?
3
Suppose 5*i + 0*m = -2*m + 302, i = -2*m + 62. What is the remainder when i is divided by 21?
18
Let z = -19 + 19. Suppose l - 72 = -3*k, z*k - 2*k = 4*l - 288. What is the remainder when l is di